te the greatest common factor of 23 and n.
23
Suppose 0 = -2*k - 5 + 3. Let w be (-4)/(-2)*(3 + k). Suppose 3*b + 3*x = 42, -w*b + 5*x = -2*b. Calculate the highest common divisor of 40 and b.
10
Let w = -119 - -84. Let v = 11 - w. What is the greatest common divisor of 23 and v?
23
Let c(o) = 2*o**2 - 2*o - 1. Let g = -11 + 23. Let u be g/3*2/(-4). Let j be c(u). Calculate the greatest common divisor of 77 and j.
11
Let v(i) = -5*i + 4 - 12*i + i. Let f be v(-6). Suppose 4*w = -5*s + f, 5*s - 3*w = -6*w + 95. Calculate the greatest common divisor of s and 2.
2
Let r = 65 + -24. What is the greatest common factor of 369 and r?
41
Let j = -1 + 7. Calculate the highest common factor of j and 4.
2
Let j(l) = 43*l - 7. Suppose 0 = -2*v - 0*n - 4*n + 6, -5*n = v. Let s be j(v). What is the greatest common divisor of 26 and s?
26
Suppose 512 = 4*b + j, 3*b = -b + 2*j + 512. Calculate the greatest common factor of 32 and b.
32
Let z be 71 + (0 - -3)/(-3). Let i = z + -25. What is the highest common factor of 18 and i?
9
Let y be 1 + 83 + (-4 - -6 - 5). What is the greatest common factor of y and 9?
9
Let f be (-2)/(-11) - 1208/(-11). What is the highest common factor of f and 10?
10
Suppose -3*r = r - 8. Suppose 5*m + 32 = 4*o - 70, -5*o - 3 = m. Let i be ((-24)/m)/(4/18). What is the highest common factor of i and r?
2
Let g(c) = -6*c - 3. Let z be g(-2). Suppose -z + 0 = -w. Calculate the highest common divisor of w and 99.
9
Suppose 4*a + 3*u = 43, -25 = -3*a + u + 4*u. Let o = 94 + a. Suppose -19 - 33 = -2*t. Calculate the highest common divisor of o and t.
26
Suppose 4*i - 6 - 2 = 0, b - 108 = 2*i. What is the greatest common divisor of 14 and b?
14
Suppose -a - 85 = 2*t, 8*t - 3*a = 3*t - 229. Let g = -26 - t. What is the highest common divisor of g and 2?
2
Suppose 5*r + 3*p - 28 = 40, 0 = -4*r - 5*p + 57. Suppose -10 = 2*z, 2 = -3*q - 5*z + r. Calculate the greatest common divisor of q and 36.
12
Suppose 3*k + 2*n - 98 = -2*k, -2*n = k - 26. What is the highest common factor of k and 198?
18
Let p be (-47)/(-5) - (-6)/(-15). Let z be p/15 - (-7)/5. Let r be (z + -3)/((-1)/171). What is the highest common factor of r and 19?
19
Suppose -4*p - 3*i + 30 = 0, -i = -4*p + p + 16. Suppose -3*b - g + 98 = 0, g = 3*b - 0*b - 88. Let r = -1 + b. What is the greatest common divisor of r and p?
6
Let b(d) = -d**2 + 16*d - 21. Let n be b(14). Calculate the greatest common divisor of n and 56.
7
Let j be (1 + 130/(-4))*-2. Calculate the greatest common factor of 9 and j.
9
Let s(c) = -13*c + 12. Let q be s(-6). What is the greatest common factor of q and 18?
18
Suppose h = 3*a + 128, 0 = -4*h - a + 544 + 33. Calculate the greatest common factor of h and 13.
13
Let z(g) = 4*g + 6. Let l be z(7). Calculate the greatest common divisor of 85 and l.
17
Suppose -3*u - m = 13, 2*m + 0 - 4 = 4*u. Let o be 0 + 26*(4 + u). Calculate the greatest common divisor of 13 and o.
13
Let t(u) be the third derivative of -u**6/6 - u**5/60 - 3*u**2. Let s be t(-1). Suppose 0 = -2*n + 3*n - 133. What is the highest common divisor of s and n?
19
Let r be (-226)/7 - 8/(-28). Let z = 45 + r. Suppose z = g + m + 2*m, -m - 33 = -5*g. What is the highest common divisor of 56 and g?
7
Let u = 10 + -3. Let n be (-2 + (-9)/(-3))*43. Let p = n + -22. Calculate the highest common factor of p and u.
7
Suppose 5*i + 3*g - 142 = 0, -2*i - 5*g = -53 - 0. Calculate the highest common divisor of i and 232.
29
Let y be (-2)/5 + (-22)/(-5). Suppose 0 = -2*a + 2*c - 4, -a - 3*c + y = -14. Calculate the greatest common divisor of 21 and a.
3
Suppose 5*q - 5*i = 0, q - i + 2*i + 10 = 0. Let v(c) = c**3 + 6*c**2 + 2*c + 5. Let j be v(q). What is the highest common divisor of 30 and j?
10
Let p = -111 + 196. Calculate the highest common factor of p and 34.
17
Let q = 26 - 17. Calculate the greatest common factor of q and 99.
9
Suppose 2*n - 9 = 5. Let x = 32 + -18. What is the highest common factor of n and x?
7
Suppose -4*c = -75 + 11. What is the greatest common factor of 32 and c?
16
Let k be 2/(2*(-3)/(-6)). Let l(w) = 4*w - 3. Let x be l(k). Suppose 2*g - 35 = x*p, -5*g + 56 + 16 = 3*p. What is the greatest common factor of g and 30?
15
Let g be (-4)/(-2)*6/4. Suppose -g*f - 105 = -6*f. What is the greatest common factor of 14 and f?
7
Suppose -4*n - 140 = -5*h, -2*h = 2*n + 3*n - 23. What is the highest common divisor of h and 6?
6
Suppose t - 56 = 109. What is the highest common divisor of t and 33?
33
Let g = -29 - -104. Suppose 37 = 2*i - g. Calculate the highest common factor of 14 and i.
14
Let l(w) = 1 + w**2 - 1 + 6*w + 7. Let m be l(-6). What is the greatest common factor of 56 and m?
7
Let a = -41 + 71. What is the highest common factor of a and 12?
6
Let r be ((-26)/4)/((-2)/4). Calculate the greatest common divisor of r and 13.
13
Let b = -32 + 46. Let d be -10*6/(-15) - -94. What is the highest common divisor of b and d?
14
Suppose 26 = 4*p - 5*m - 26, 0 = -5*p - 4*m + 106. Let o be ((-28)/(-12) + -2)*18. Calculate the highest common divisor of p and o.
6
Let u be (-7)/(-2)*4/7. Suppose u*r = -9 + 45. Calculate the greatest common divisor of r and 6.
6
Suppose -2*q = -2 - 2. Suppose 10*c = -q*w + 5*c + 21, c = 3. Calculate the greatest common divisor of 24 and w.
3
Let g be (6/(-5))/(8/(-20)). Suppose g*k + 2 = 8. What is the greatest common factor of 12 and k?
2
Let p = -2 - -3. Suppose -p = i, -2*i + 70 = 3*s + s. Suppose k + k = -2*n + s, 2*k = -5*n + 42. Calculate the greatest common divisor of n and 56.
8
Let l = -9 - -21. What is the highest common factor of l and 132?
12
Let q = 305 + -95. Suppose -3*i - 2*c + 21 + q = 0, -4*i + c = -308. Suppose -r + 29 = 3*d, d + 0*r = -3*r - 1. What is the highest common factor of i and d?
11
Suppose 2*s - s - 3 = 0. Suppose -s*t + 2 = d + 3, 2*t = -8. Calculate the highest common factor of 11 and d.
11
Suppose 5*x - 6 + 1 = 0. Let h be (-1 - (-6)/4)*-4. Let v be (-1)/h - (-2)/4. What is the greatest common factor of v and x?
1
Let w(k) = -25*k**3 - 3*k**2 - k - 1. Let o be w(-2). Suppose -2*x - x + o = 0. Let u = -7 + 14. Calculate the highest common factor of u and x.
7
Let v(p) = 8*p + 27. Let i be v(0). Calculate the greatest common divisor of i and 135.
27
Let d(j) = -j**2 - 6*j - 3. Let x be d(-5). Suppose -m + x*m + 11 = 0. Let o be 1*m*1*-1. What is the highest common divisor of 88 and o?
11
Let f = -46 + 59. Suppose 5*j - 24 = 4*j + 2*m, -5*m - 99 = -4*j. What is the highest common divisor of f and j?
13
Suppose 4*i - 278 = 234. What is the highest common divisor of 16 and i?
16
Let i(n) = -n**2 - 1. Let j(b) = 7*b**2 - 5*b + 8. Let p(d) = 6*i(d) + j(d). Let v be p(6). Calculate the highest common divisor of v and 56.
8
Suppose -2*i = -3 - 5. Calculate the greatest common divisor of i and 36.
4
Let a be 1/((-68)/(-22) - 3). Calculate the greatest common factor of 55 and a.
11
Let z = -241 - -343. Let a = z + -66. What is the highest common divisor of 9 and a?
9
Suppose j - 20 = -0. Calculate the greatest common factor of 5 and j.
5
Suppose -2*q + 3*q = 0. Let l be (-6 + q)*7/(-21). Calculate the greatest common factor of 2 and l.
2
Let w(m) = -8*m + 5. Let h be w(5). Let r be 4/14 + (-515)/h. What is the highest common factor of r and 15?
15
Suppose 0 = -k - 5*h, -k - 2*k + 3*h = -54. Calculate the greatest common factor of 30 and k.
15
Let y be (24/(-5))/((-2)/20). Suppose d = p - 69 - 3, -p + y = 5*d. Suppose p + 32 = 2*f + 5*h, -5*h - 20 = 0. What is the highest common factor of f and 24?
12
Let i(l) = l**3 - 19*l**2 + l - 7. Let k be i(19). What is the highest common factor of 3 and k?
3
Let n = -10 - -21. Let y be n/2*(0 - -2). Suppose -4*w = -5*r - 15, 4*w - 19 = 2*r + y. Calculate the greatest common divisor of w and 70.
10
Let p(x) = -31*x - 1. Let v be p(-1). Let s = -83 + 103. Calculate the greatest common divisor of v and s.
10
Suppose -11 = -3*a + 5*j + 5, 0 = 5*a - 4*j - 18. Suppose 2*p - 120 = -a*p. Calculate the greatest common factor of p and 15.
15
Suppose 0 = -d - 7 + 1. Let u be d/(4/((-32)/6)). What is the greatest common divisor of u and 4?
4
Let g(y) = -y**3 - 9*y**2 + 9*y - 5. Let k be g(-10). Calculate the highest common divisor of k and 35.
5
Let q(v) = 28*v - 1. Let a be q(5). Let m = a - 34. Calcula